lculate h(-1).
4
Suppose 0 = 5*c + 15 + 10. Let h(q) = 933 + q - q + 3*q - 1865 - 6*q + 935. Determine h(c).
18
Let l(j) be the first derivative of -2*j**2 + 41 + 4*j + 39 - 87. Let t be -1 - (0 + 1*-4). What is l(t)?
-8
Let t(b) be the first derivative of b**4/4 - 7*b**3/3 + 9*b**2/2 - 24*b + 1607. Determine t(6).
-6
Let c = -501 - -501. Suppose c = 144*p - 143*p + 5. Let v(o) = o**3 + 4*o**2 - 4*o + 4. Determine v(p).
-1
Let g = -427 + 435. Let i(a) = g*a + 41*a**2 + 6 - 2*a - 38*a**2 - 4*a + 3*a. What is i(-2)?
8
Let o(m) = -m**3 - 2*m**2 - m. Suppose -13*w = -9 - 4. Suppose 4*c - 5*x = -10*x + w, -5*c - 2*x - 3 = 0. Let k be c + (-3 - 1/(-2 - -1)). Calculate o(k).
12
Suppose 4*b + 10 = 5*x + 9*b, 12 = -4*b. Suppose -20 = p - 5*l + l, x = -p + l. Let i be 25/25 + (p/2)/(-1). Let u(f) = 9*f**2 - f + 1. Give u(i).
9
Let w(h) = 36*h - 245*h + 33*h + 4*h**2 - 1 + 178*h. Let k = 3 + -2. Calculate w(k).
5
Let t(u) = -u + 3. Let f(i) = -i**2 - 5*i + 73. Suppose 39*k + 352 = 7*k. Let g be f(k). Determine t(g).
-4
Let m(l) = -l**3 + 6*l**2 - 5*l - 3. Let g be (-1 - -2)/((-8)/(-31*8)). Suppose g*f = 13*f + 54. What is m(f)?
9
Let d(y) be the first derivative of 5/3*y**3 - 1/4*y**4 - 4*y - 123 - 3/2*y**2. Suppose 2*c - 7 = 3, -c = 4*p - 21. What is d(p)?
0
Let h(s) = -442*s**3 - 58 + 4*s**2 + 7*s + 441*s**3 + 56. What is h(6)?
-32
Let n(t) = -2*t**2 - 2*t + 675. Let d be n(0). Let f(i) = -i**2 + 1346 - 674 - i - d. What is f(0)?
-3
Let i(h) = -102 + 16 + 17*h - 23*h + 10*h + 6. Calculate i(18).
-8
Let l(d) = -2*d - 86. Suppose 100*j + 77*j + 62*j = -9321. Calculate l(j).
-8
Let g = 87 - 90. Let w(f) be the second derivative of 1/12*f**4 - 1/6*f**3 + 0 - f**2 + 6*f. Determine w(g).
10
Let u(z) = 3*z - 36. Suppose 0 = 52*w - 128*w. Calculate u(w).
-36
Let h(k) = -k**3 + 7*k**2 + 9*k - 3. Let r = -2 + 2. Suppose r = d + 6*d - 98. Suppose -2*t = -2 - d. What is h(t)?
5
Let f(x) = -5*x + 6. Let m(n) = n. Let y(w) = f(w) + 3*m(w). Let b be (45/(-75))/(-2*2/20). Suppose b = s - 2. Give y(s).
-4
Let n(a) = a**3 + 20*a**2 + 3*a + 54. Suppose -685*q + 515 = -713*q - 45. Determine n(q).
-6
Let a(z) = -25*z - 80. Suppose 2*q = -10, 0 = 2*w + 6*q + 46 - 10. Give a(w).
-5
Let u = 1326 - 1339. Let x(s) = -s**2 - 18*s - 48. Give x(u).
17
Suppose 0 = -m - 3, 3*t = -0*m + 2*m + 21. Suppose 15*d = -t*d + 1240. Let g = d - 56. Let b(f) = f - 2. Give b(g).
4
Let o(j) = j - 8. Let a(v) = -v + 7. Suppose 0 = -3*i - 8*i + 33. Let l(q) = -q**2 + 2*q - 3. Let g be l(i). Let y(r) = g*o(r) - 7*a(r). What is y(8)?
7
Let g(j) = 3*j + 51. Let f(h) = 2*h + 38. Let t(c) = -4*f(c) + 3*g(c). Let y(z) = -z**2 - 13*z + 26. Let b be y(2). Determine t(b).
-3
Let z(v) = -540*v + 7564. Let a be z(14). Let x(h) be the first derivative of -a*h**2 - 10 + 5*h + 1/3*h**3. What is x(6)?
-7
Suppose 22*g - 4*g - 29 = 43. Let h(b) = -5*b**2 - 6*b - 4 + 2 - b. Let s(x) = 11*x**2 + 15*x + 4. Let f(k) = 13*h(k) + 6*s(k). What is f(g)?
10
Let r(a) = a - 166. Let j(n) = 217. Let k(x) = 3*j(x) + 4*r(x). Give k(6).
11
Let s(l) = -l**3 + 15*l**2 - l + 20. Suppose -5*u + 20 + 130 = 0. Let c be 3*(-7)/((-42)/u). Calculate s(c).
5
Let g be 5 + 106*(-4)/(-8) + 0. Suppose -f + 49 = g. Let v(b) = b**2 + 9*b - 7. Calculate v(f).
-7
Let j be (-2)/(-13) - (-5670)/(-351). Let h be ((-4)/12)/((-6)/(-9))*j. Suppose -2 = 5*k + 3, 0 = -s - 2*k - h. Let y(z) = z**2 + 6*z. Determine y(s).
0
Suppose 5*y = 3*z - 0*z + 102, 0 = -4*z + 3*y - 125. Let l = -25 - z. Suppose -l*d - 33 = -9. Let o(x) = -x**3 - 5*x**2 + 9*x + 7. Give o(d).
-11
Let u(w) = -8*w**2 + w. Let o = -4929 - -4928. What is u(o)?
-9
Let w(n) be the first derivative of n**6/360 - n**5/15 - 7*n**4/24 + 76*n**3/3 - 29. Let a(q) be the third derivative of w(q). Determine a(7).
-14
Let x(p) be the third derivative of p**5/24 - p**4/8 - 95*p**3/6 - 3*p**2 + 2*p. Let m(l) be the first derivative of x(l). What is m(2)?
7
Let z = -8191 - -8191. Let m(a) be the third derivative of z*a + 1/3*a**3 + 0 - 1/4*a**4 + 23*a**2 - 1/60*a**5. Determine m(-6).
2
Let q(j) be the third derivative of j**6/120 + j**5/24 + j**4/12 - 4*j**3/3 - 33*j**2 - 2*j. Let z(h) be the second derivative of q(h). Give z(4).
29
Let z(w) = -w - 23. Let l(a) = -4*a - 75. Let b(h) = l(h) - 3*z(h). What is b(-6)?
0
Suppose 0 = -4*v - z + 2, 0 = 14*v - 16*v - 5*z - 8. Let h = -2 + 4. Let b(g) = -g**3 + 2 + g**3 - 3 + h*g + 2*g**3. Determine b(v).
3
Let a(s) = 16*s**2 + 2*s. Let n = -2374 + 2375. Give a(n).
18
Let g be (3/(-1) + 2)*(1 - 51). Let b = -52 + g. Let o(d) = 5*d**2 - 4. Let z(c) = -5*c**2 + 5. Let f(v) = -4*o(v) - 3*z(v). Calculate f(b).
-19
Let u(s) = -8*s - 29. Suppose -246 = 57*w + 96. Calculate u(w).
19
Let t(f) be the first derivative of -f**4/2 + f**3 + 5*f**2 - f + 5407. Give t(-2).
7
Let o(w) = -93 + 76 + 31 - 55*w. Calculate o(2).
-96
Let b(y) = y**3 - 9*y**2 + 8*y - 5. Let g be b(8). Let v(t) be the first derivative of -7/3*t**3 + 0*t - 74 - 1/4*t**4 - 7/2*t**2. Determine v(g).
-15
Let f(b) be the third derivative of b**4/12 + 13*b**3/3 - 62*b**2. Give f(-9).
8
Let l(t) = -3*t + 3. Let x be ((-8)/4)/(8/(-16)). Suppose x*z + 5*f + 56 = 0, -16 + 0 = 4*f. Give l(z).
30
Let f(u) = u**2 - u - 21. Let r be (1 + 7 - 0)*(-1955)/(-3128). Calculate f(r).
-1
Suppose -5*t - 2 - 8 = 0. Let p(h) = 131 + 124 + 130 + 131 - 12*h - 519. Calculate p(t).
21
Let p(a) be the third derivative of a**5/60 - 5*a**4/24 - a**3/2 + 53*a**2 + 5. Give p(10).
47
Let g(d) = -d**3 - 9*d**2 - 14*d - 7. Let b = 1508 + -1515. Determine g(b).
-7
Let v = 5641 - 5628. Let h(c) = -2*c + 25. Determine h(v).
-1
Suppose 0 = 3*j - 1482 + 1476. Suppose -3*r = -9, -4*o = 3*r + 9 - j. Let g(h) = h - 5. Calculate g(o).
-9
Let o(d) = -d**2 - 22*d + 23. Let l(s) = 27*s + 2219. Let m be l(-83). Calculate o(m).
23
Suppose -2*u - 130 = 10*b - 52, -2*u + 4*b = -20. Let l(q) = -q**3 - 3*q**2 + 4*q + 2. What is l(u)?
2
Let t(n) = 134*n**2 - 2058528 + 2058528 + n. Give t(-1).
133
Let o(i) = -2 - 277*i**2 + 2 + 278*i**2 - 1 - 3*i. Suppose -5*b + 16 = 2*w, 0*w + 5*b = -w + 18. Let j be 0 - (6/w - 2). Give o(j).
9
Let r(g) be the first derivative of g**3/3 - g**2 + 6. Let m be ((-2)/4)/(2/8). Let s be m*4/(-12) + 60/18. Give r(s).
8
Let x = 1 - 6. Let t(p) = -5*p - 5. Let q(a) = 5*a + 6. Let u(b) = x*q(b) - 6*t(b). Let z(h) = 138*h + 2900. Let n be z(-21). Determine u(n).
10
Let c be (42/(-15) + 2/(-10))*-1. Let s(p) = -p - c*p + 3*p**2 - 2*p**2 + 1. Let w = -7 + 10. Give s(w).
-2
Let p(m) = -3*m**2 + 91*m + 921. Let h be p(-8). Let t(a) = -20*a + 5. What is t(h)?
-15
Let h(z) = -27*z - 15 + 12 - 50 + 54*z - 24*z. What is h(18)?
1
Suppose 11*s - 8*s = 15. Let c = s + 1. Let l(a) = -3*a**3 - 6 - 5*a - 3*a**2 - 2*a**2 + 4*a**3. What is l(c)?
0
Let i(p) = -p**2 - 7*p - 1. Let s = -126 + 157. Let q = -31 + s. Suppose 5*d + q*d = -20. Calculate i(d).
11
Suppose -4*a + 0*a + 5*n - 323 = 0, -5*n = 4*a + 293. Let w = a + 85. Let q(h) = h**2 - 4*h - h**2 - 2 - 8 + h**2. Determine q(w).
22
Let o be -7 - -1 - (-31 - -31). Let k(j) = 4*j**3 + 4*j**2 + 11*j + 8. Let a(f) = -9*f**3 - 7*f**2 - 23*f - 16. Let q(c) = 3*a(c) + 7*k(c). Determine q(o).
-4
Let t(n) be the second derivative of n**5/20 + n**4/3 - n**3/3 + n**2 + 78*n - 14. Determine t(0).
2
Let w(b) = 34*b + b**3 + 18 + 72 - 2*b**3 - 26 - 4*b**2 + 56. Let j be w(-6). Let v(d) = d**3 + 13*d**2 + 13*d + 11. What is v(j)?
-1
Let k be (3/2)/(12/256). Suppose 3*n - k = n. Let i(v) = 1 + 5 + n*v - 22*v + 0. Calculate i(4).
-18
Let t = -97 + 105. Let i(f) = 0 + f**2 + 5 + t*f - 2 - 5. Calculate i(-6).
-14
Let o(k) = -60*k**2 + 71 - 71*k**2 + 200*k**2 - 3 - 67*k**2. What is o(0)?
68
Let p(f) = -f**2 + 6*f - 4. Let q(w) be the first derivative of -13*w**2/2 - 49*w - 10. Let o be q(-4). Calculate p(o).
5
Let m(j) = -j - 1. Suppose 4*w - 3*b - 2 = 0, 0*w - 2*b = -2*w. Let f(h) = -3*h + 4. Let g(a) = w*m(a) - f(a). Give g(4).
-2
Let g = -95 + 102. Let s(p) = g*p - 3*p + 409 - 410. Let q be s(0). Let a(i) = 4*i**3 + i**2 + i. Calculate a(q).
-4
Let y(j) = -j + 9. Suppose -1451*x + 1462*x = 99. Calculate y(x).
0
Let w = -6 - -6. Let u(q) be the first derivative of -q**2/2 - 8*q - 2069. Give u(w).
-8
Let a(u) = -u - 15. Let w(n) = 3*n - 20. Let c(b) = a(b) - w(b). Calculate c(4).
-11
Let d(h) = h**3 - 5*h**2 -